84?
19
Calculate the remainder when 197700 is divided by 49423.
8
What is the remainder when 31346 is divided by 25?
21
Calculate the remainder when 4342 is divided by 615.
37
What is the remainder when 75943 is divided by 51?
4
What is the remainder when 26171 is divided by 15?
11
What is the remainder when 25814 is divided by 271?
69
Calculate the remainder when 119668 is divided by 133.
101
What is the remainder when 224766 is divided by 5?
1
What is the remainder when 78254 is divided by 2300?
54
What is the remainder when 12199 is divided by 6087?
25
What is the remainder when 1007 is divided by 21?
20
What is the remainder when 14497 is divided by 238?
217
Calculate the remainder when 1304 is divided by 15.
14
What is the remainder when 7151 is divided by 38?
7
What is the remainder when 98705 is divided by 216?
209
Calculate the remainder when 356717 is divided by 27439.
10
Calculate the remainder when 1455 is divided by 446.
117
Calculate the remainder when 25441 is divided by 6357.
13
Calculate the remainder when 169821 is divided by 161.
127
What is the remainder when 15387 is divided by 5084?
135
What is the remainder when 74923 is divided by 124?
27
Calculate the remainder when 213728 is divided by 106861.
6
What is the remainder when 2184 is divided by 201?
174
What is the remainder when 599 is divided by 201?
197
Calculate the remainder when 16665 is divided by 43.
24
Calculate the remainder when 1323 is divided by 425.
48
What is the remainder when 2568 is divided by 39?
33
Calculate the remainder when 5640 is divided by 164.
64
What is the remainder when 6595 is divided by 943?
937
Calculate the remainder when 2407 is divided by 24.
7
Calculate the remainder when 11768637 is divided by 32.
29
What is the remainder when 4721 is divided by 158?
139
What is the remainder when 137700 is divided by 425?
0
What is the remainder when 147302 is divided by 10?
2
Calculate the remainder when 5336 is divided by 15.
11
Calculate the remainder when 2046 is divided by 696.
654
What is the remainder when 42549 is divided by 197?
194
Calculate the remainder when 519382 is divided by 136.
134
What is the remainder when 104534 is divided by 45?
44
What is the remainder when 67971 is divided by 4851?
57
Calculate the remainder when 642 is divided by 304.
34
What is the remainder when 289267 is divided by 525?
517
Calculate the remainder when 6022 is divided by 277.
205
Calculate the remainder when 894571 is divided by 149093.
13
What is the remainder when 13269 is divided by 737?
3
What is the remainder when 834 is divided by 35?
29
What is the remainder when 3716 is divided by 1199?
119
What is the remainder when 2115 is divided by 19?
6
Calculate the remainder when 15024 is divided by 128.
48
Calculate the remainder when 83876 is divided by 37.
34
What is the remainder when 4882 is divided by 216?
130
Calculate the remainder when 53606 is divided by 75.
56
What is the remainder when 8385 is divided by 241?
191
Calculate the remainder when 124243 is divided by 146.
143
What is the remainder when 11066 is divided by 209?
198
Calculate the remainder when 93658 is divided by 109.
27
Calculate the remainder when 123 is divided by 72.
51
Calculate the remainder when 136632 is divided by 339.
15
What is the remainder when 6231 is divided by 29?
25
Calculate the remainder when 1007 is divided by 23.
18
Calculate the remainder when 1280 is divided by 143.
136
What is the remainder when 3304 is divided by 3291?
13
Calculate the remainder when 46035 is divided by 11445.
255
Calculate the remainder when 491116 is divided by 423.
13
What is the remainder when 426293 is divided by 9?
8
What is the remainder when 752 is divided by 16?
0
What is the remainder when 758365 is divided by 16?
13
What is the remainder when 4262 is divided by 357?
335
Calculate the remainder when 3117992 is divided by 19.
16
Calculate the remainder when 151237 is divided by 277.
272
Calculate the remainder when 73098 is divided by 24330.
108
Calculate the remainder when 203809 is divided by 29.
26
What is the remainder when 3265 is divided by 102?
1
What is the remainder when 2127 is divided by 67?
50
Calculate the remainder when 1000 is divided by 332.
4
What is the remainder when 27132 is divided by 765?
357
Calculate the remainder when 973844 is divided by 201.
200
Calculate the remainder when 2037 is divided by 862.
313
What is the remainder when 5953 is divided by 48?
1
Calculate the remainder when 1970 is divided by 3.
2
Calculate the remainder when 209239 is divided by 125.
114
Calculate the remainder when 433191 is divided by 57.
48
What is the remainder when 1527 is divided by 166?
33
What is the remainder when 389442 is divided by 18?
12
Calculate the remainder when 4427 is divided by 1470.
17
What is the remainder when 509199 is divided by 187?
185
Calculate the remainder when 54774 is divided by 152.
54
Calculate the remainder when 889969 is divided by 148328.
1
Calculate the remainder when 596 is divided by 196.
8
What is the remainder when 119647 is divided by 335?
52
What is the remainder when 9389 is divided by 549?
56
Calculate the remainder when 3965 is divided by 135.
50
What is the remainder when 65 is divided by 9?
2
What is the remainder when 3766 is divided by 242?
136
What is the remainder when 14 is divided by 7?
0
Calculate the remainder when 1318736 is divided by 24.
8
Calculate the remainder when 12956 is divided by 240.
236
Calculate the remainder when 82843 is divided by 129.
25
What is the remainder when 14241 is divided by 4742?
15
Calculate the remainder when 88507 is divided by 109.
108
Calculate the remainder when 120284 is divided by 45.
44
Calculate the remainder when 5728 is divided by 49.
44
Calculate the remainder when 47644 is divided by 24.
4
Calculate the remainder when 5349 is divided by 381.
15
Calculate the remainder when 2880434 is divided by 26.
24
Calculate the remainder when 12456 is divided by 91.
80
Calculate the remainder when 7264 is divided by 12.
4
Calculate the remainder when 90048 is divided by 45020.
8
What is the remainder when 33443 is divided by 59?
49
Calculate the remainder when 17141 is divided by 1773.
1184
What is the remainder when 55619 is divided by 54?
53
What is the remainder when 15576 is divided by 294?
288
Calculate the remainder when 10716 is divided by 76.
0
What is the remainder when 77065 is divided by 38514?
37
Calculate the remainder when 66331 is divided by 572.
551
Calculate the remainder when 29508 is divided by 229.
196
What is the remainder when 11841 is divided by 226?
89
What is the remainder when 45396 is divided by 19?
5
Calculate the remainder when 15695 is divided by 48.
47
Calculate the remainder when 57189 is divided by 606.
225
Calculate the remainder when 54568 is divided by 7.
3
What is the remainder when 840996 is divided by 31?
28
Calculate the remainder when 126704 is divided by 351.
344
What is the remainder when 5375 is divided by 16?
15
What is the remainder when 168697 is divided by 41?
23
What is the remainder when 2619 is divided by 1303?
13
Calculate the remainder when 16788 is divided by 3355.
13
What is the remainder when 1721 is divided by 358?
289
What is the remainder when 9004 is divided by 527?
45
What is the remainder when 1562391 is divided by 4?
3
What is the remainder when 5385 is divided by 186?
177
What is the remainder when 1584 is divided by 527?
3
What is the remainder when 2800781 is divided by 17?
14
Calculate the remainder when 283 is divided by 64.
27
Calculate the remainder when 3084 is divided by 254.
36
What is the remainder when 4551 is divided by 445?
101
Calculate the remainder when 377 is divided by 145.
87
Calculate the remainder when 8441 is divided by 8438.
3
Calculate the remainder when 933 is divided by 672.
261
Calculate the remainder when 72938 is divided by 123.
122
What is the remainder when 1121412 is divided by 27?
21
What is the remainder when 748 is divided by 247?
7
What is the remainder when 619 is divided by 69?
67
Calculate the remainder when 7129 is divided by 3509.
111
What is the remainder when 8789 is divided by 1678?
399
Calculate the remainder when 3430 is divided by 243.
28
What is the remainder when 121469 is divided by 1